r?
True
Suppose j = -29*n + 25*n + 2082943, 4*j - 1562217 = -3*n. Is n a composite number?
True
Suppose 12*f - 23*f - 58*f + 24247911 = 0. Is f a prime number?
False
Let o(p) be the second derivative of p**5/20 - p**4/12 - p**3/6 + 753*p**2/2 - 2*p + 24. Let l = -14 + 14. Is o(l) a prime number?
False
Suppose r + 107540 + 38405 = 3*z, 2*r + 8 = 0. Is z composite?
False
Let x(h) = -2*h**2 + 24*h + 56. Let k be x(14). Suppose 2*w = -t - k*w + 27425, -137140 = -5*t + 5*w. Is t composite?
False
Suppose 1005*h - 1038*h + 25172697 = 0. Is h a prime number?
True
Let f be (1 + (-8)/(-2))*11706/(-5). Let c = -6297 - f. Suppose 3*p - 1 = -7, 0 = -3*l + 3*p + c. Is l composite?
False
Let t = 419 - 420. Is (-34530)/6*t - 2 a prime number?
False
Let t(y) = -34*y + 62. Let g be t(35). Let l = 1607 + g. Is l a prime number?
True
Let v = -146408 + 468751. Is v composite?
True
Let d(c) = 29964*c**3 + 2*c**2 - 4*c + 3. Let q = 81 - 80. Let b be d(q). Is (-2)/7 - b/(-91) a composite number?
True
Let q be (16 - 13)*(-1)/(-1). Suppose 3*r = p - 2*r + 74, -174 = 3*p - q*r. Is (-3689)/(-4) - p/72 a prime number?
False
Suppose 0 = 2*a - 5*l - 1939, 5*a + l - 4790 = 2*l. Let y(u) = -43*u + 132. Let f be y(3). Suppose -5*g = -3*h + a, -f*g + 1276 = 4*h - 8*g. Is h composite?
True
Let y = -237 - -236. Is y/3*(-78 - 5883) a composite number?
False
Suppose -l = -12*r + 4481360, -746898 = -2*r - 9*l + 8*l. Is r a prime number?
True
Let j = -107 + 106. Let n be ((-4)/(-16) + j)/((-5)/20). Suppose 4*o - 9741 = -5*d, -3*o = n*d - 2*o - 5846. Is d a composite number?
False
Let v(h) = -h**3 + 35*h**2 - 66*h + 5. Let s be v(33). Is (-4 - -33698)/(-3 + s) prime?
False
Suppose 16*j = -5*j + 550053. Suppose -16*i = -118657 + j. Is i a composite number?
False
Is 2 + 5 + 1012733/5 + (-3)/5 a composite number?
True
Suppose 887091 = 15*r + 24456. Is r a prime number?
False
Let d(y) = 4*y**3 - 27*y**2 - 4*y - 12. Let n be d(7). Suppose 2*k + 2*k - 13973 = -3*v, -3*v + n = 0. Is k a prime number?
True
Suppose -4*q + 546 = 526. Suppose -2*z + 2399 = 2*w - q*z, 2*z = -w + 1203. Is w a prime number?
True
Let x be ((-3)/(-2))/((-2)/24*2). Is 3 + x - (-2419 + 2) a composite number?
False
Is 4/(-12)*(-4)/(20/30867735) composite?
False
Let q(j) = -11*j**3 + 62*j**2 + 37*j + 103. Is q(-34) a composite number?
False
Let w(a) = 401*a**2 + 80*a - 564. Is w(7) composite?
True
Is (-5082512)/(-56) - (-3)/(-21) a composite number?
True
Let f(j) = 3*j - 35. Let w be f(13). Let p(n) = -4*n**3 - n**2 - 5*n + 4. Let h be p(w). Let a = 845 + h. Is a composite?
False
Suppose -17*s + 228 = -13*s. Let f = s - 66. Is 6526/6 + -1 + (-3)/f a composite number?
False
Suppose -d + 193655 = -2*y, -5*d + 886*y - 887*y = -968242. Is d a prime number?
True
Let w = -92 - -92. Let f(a) = a**3 + 11*a**2 + a + 15. Let z be f(-11). Suppose w*l - 2*j = -3*l + 2025, -j + 2711 = z*l. Is l composite?
False
Suppose 10*k + 200200 = 36*k. Suppose -k = -5*y - 5*q, -2*y - q = -1501 - 1577. Is y a composite number?
True
Is 123741 + 1 + (24/(-3) - (-6 - 5)) prime?
False
Let r be 1/(3/12*-2). Let z = -10 - -13. Is 6965/10 + z/r a composite number?
True
Suppose -q + 110 = -2*v, -2*v - 3*q = q + 130. Let r be 3/12 + v/(-12). Suppose 0 = -9*t + r*t + 76. Is t composite?
False
Let p be 122/(-14) - (-4)/(-112)*8. Let y(x) = -x**3 - 8*x**2 - 11*x + 3. Is y(p) prime?
False
Suppose -3*n + 0*n + 438 = -3*f, 0 = -2*f - 6. Let u be 3/(-1)*(-112)/(-6). Let i = u + n. Is i a composite number?
True
Suppose -14*l + 482 = 132. Suppose -21*p - 8716 = -l*p. Is p composite?
False
Suppose 26*n + 2*n - 358260 = 0. Let x = n - 8060. Is x composite?
True
Let u be (7172 + 1)*(-46)/(-69). Suppose -2*n = -u - 662. Is n a composite number?
True
Suppose 4*v - 8 = 0, 2*r = -4*v + 282 + 1146. Suppose 2*o + 1764 = 5*m + o, 2*m + 4*o = r. Let f = m + -132. Is f a prime number?
False
Suppose 4*l = -b + 128505, 5*l - 16*b - 160641 = -14*b. Suppose -i = -5*u - 8028, 4*i - l = -0*i + 5*u. Is i a composite number?
True
Let r(n) = 2*n**3 + n**2 - n. Let f(p) = 13*p**3 - 10*p**2 - 38*p + 27. Let o(k) = -f(k) + 6*r(k). Is o(10) prime?
False
Let h(s) be the third derivative of 23*s**4/24 + 44*s**3/3 - 19*s**2. Is h(43) composite?
True
Let w(r) = -27*r - 31 + 2618*r**3 - 10*r**2 - 12*r**2 - 2620*r**3. Is w(-14) a composite number?
False
Let w(u) = -1966*u + 7. Let g be w(-5). Suppose 10*s + g = 13*s. Let z = s + -1772. Is z prime?
False
Suppose 3*t - 2*p - 123199 = 0, -17*p = -5*t - 19*p + 205305. Is t a prime number?
False
Let h(v) = 241*v**2 - 3*v + 26. Let m be h(-7). Suppose -u = -3*z - 2374, -5*u - z + m = -2*z. Is u prime?
True
Suppose -3*j = -3*o - 2174 - 982, j = 3*o + 1048. Suppose -10*c - j = -7514. Suppose i - c = -f, 2*f + 7*i = 2*i + 1307. Is f a composite number?
False
Suppose 3*g = 0, 4*n - g + 36 = 68032. Is n a composite number?
True
Suppose 13 = 3*v + 1. Let k(m) = -47*m - 3192. Let h be k(-68). Suppose v = h*n, t + t = 2*n + 7092. Is t composite?
False
Suppose -u + 6*f = 3*f + 8, 3*u + 3*f = -72. Let b be u*(33/12 + -3). Suppose z + b*z = 3306. Is z composite?
True
Suppose -298*p = -69536291 - 50608071. Is p prime?
False
Let y(a) = 2*a + 55. Let c be y(-26). Suppose 0 = -c*b + 1680 + 189. Is b a composite number?
True
Is 6659016/252*6/(-4)*-1 a prime number?
False
Suppose 0 = 2*d - 6 + 2. Suppose -4*z + 12 = -w, -5*w + 10 = 4*z - d. Is ((-28)/56)/(w + (-2)/344) composite?
True
Suppose 5*y = -5*q + 1489530, 5*q - 1217243 - 272294 = 2*y. Is q composite?
False
Suppose -37*k = -34*k - 4*y - 37443, k = 5*y + 12503. Is k a prime number?
True
Let q(w) = w**2 + 77*w + 2507. Is q(-80) composite?
True
Let p = -293 + 297. Let i be 6 + (-3)/(-1 - -4). Suppose p*d - 4*l = 904, 5*l - 877 = -i*d + d. Is d a composite number?
False
Let l(n) = -342*n**3 + 2*n**2 + 3*n + 3. Suppose 65 = 4*s - 3*p, 15 = s + 2*p - 3*p. Suppose 2*b = 6*b + 4*f + s, 4*b = f - 5. Is l(b) a prime number?
True
Let j(g) = 16907*g**2 - 108*g + 219. Is j(2) a prime number?
True
Let v(h) = 38024*h + 557. Is v(4) prime?
False
Let o be 15/(-5*(-2)/10). Suppose -2*d = -0*c + c - o, -d = 5*c - 30. Suppose 30 = -c*w + 425. Is w composite?
False
Suppose 59*q + p = 55*q + 108909, 0 = -3*q + p + 81673. Is q a prime number?
False
Let c(q) be the third derivative of q**5/30 + 13*q**4/24 - 41*q**3/6 - 37*q**2. Let k be c(-21). Is k/10*25/10 - 1 composite?
True
Suppose -18102 = -x - 4*s, 0 = 3*x - 2*s - s - 54246. Is x/3 + (-1)/(-3) composite?
False
Suppose 5*f = -86 + 131. Suppose f*b - 3430 = 19781. Is b a prime number?
True
Let k(g) = 3402*g**2 + 6*g - 7. Suppose 5*b = z + 1, -5*b - 4 + 1 = -2*z. Is k(b) prime?
False
Suppose 3*c + 9 = -3*s, 2*c - c - 4*s = -13. Let x(v) = 90*v**2 + 21*v + 106. Is x(c) a prime number?
True
Let t(k) = -7*k**3 - 10*k**2 + 5*k + 7. Let q(g) = g**3 - g**2 + g + 1. Let h(w) = q(w) + t(w). Suppose 30 = 5*f, 3*a + f = -18 - 3. Is h(a) composite?
True
Let h(p) = 2*p**3 - 10*p**2 + 30*p - 4. Let g be h(13). Suppose -g = 35*o - 45*o. Is o a composite number?
True
Let q be ((-198)/24)/11 - 126/(-8). Suppose q - 20 = -n. Is ((-218)/10)/(n/(-25)) a prime number?
True
Let m(w) = -3*w + 12. Let y(j) = -j. Let r(c) = -3*m(c) + 18*y(c). Let l be r(-8). Suppose l*z = 34*z + 2818. Is z prime?
True
Suppose 42 = 31*d - 35*d - 2*b, 0 = -5*b - 5. Is 12603*(2/d)/((-16)/80) a prime number?
False
Let g = 0 - -1. Is 20907/9*(2 - g) a prime number?
False
Suppose 2*k - 4*k - 11 = u, 5*k - u + 24 = 0. Let w(s) = 12*s - 23. Let d(q) = -7*q + 11. Let y(m) = -5*d(m) - 3*w(m). Is y(k) composite?
False
Suppose 0 = 5*y - 20, 6*x - x - 2*y + 4728 = 0. Let g = x - -1785. Suppose -g = -4*c - 197. Is c prime?
False
Suppose -4*i + 5*l = -36259, 0*l + 45329 = 5*i - l. Suppose 292 = 44*f - 12*f - 956. Suppose 0 = 45*a - f*a - i. Is a a composite number?
False
Let d(f) = f**3 + 5*f**2 + 3*f. Let g be d(-2). Let z be g/4 - 21/(-14). Suppose 2*h = -z*h - 4*j + 2915, -2*j + 2332 = 4*h. Is h a composite number?
True
Suppose 0 = 2*n - 30052 - 18422. Let a = -12780 + n. Suppose 1662 = -15*s + a. Is s a prime number?
True
Is -27 - -12 - -29 - -5133 a composite number?
False
Let a = -346 - 117. Suppose 2*z = 4*q + 1320, -2*z - q + 1265 + 40 = 0. Let v = a + z. Is v a composite number?
False
Suppose 3917 - 1969 = 2*n. Is n a pr